uppose -h*v + 3*m + 18 = 0, -2*v = 3*v - 5*m - 20. Let a(b) = 57 + 62 - v*b - 115 - b**2. Determine a(-6).
4
Let v(d) = -d**3 - d**2 + d - 4. Let p = 4 - 2. Let z be (-6)/21 + p/((-56)/(-36)). Suppose 1 = 8*k + z. Calculate v(k).
-4
Let u(a) be the first derivative of 1/2*a**2 - 8*a - 1. Suppose -n - 4*k + 9 = 0, 63 = 5*n + k + 18. Calculate u(n).
1
Suppose -4*s - 4*x + 7*x = -31, 0 = 4*s + 2*x - 6. Suppose -5*o - s*z + 5 = -14, -5*o + 11 = -4*z. Let h(p) = 4*p - o*p - 55 + 46. Determine h(5).
-4
Suppose 4*n - 14 - 122 = 0. Let g(r) = -1 + 0 - 25*r + 0 + n*r. Suppose -64*h = -68*h + 12. Give g(h).
26
Let r(j) = -3*j - 3. Let g(o) = 5*o**2 + 13*o + 19. Let w(z) = -g(z) - 6*r(z). Determine w(2).
-11
Let f(b) = 9*b - 6. Let m(s) = 7*s - 3. Let t(r) = 3*f(r) - 2*m(r). What is t(-5)?
-77
Let a(h) = 0*h - 417 + 155*h - 57*h - 38*h + 12*h. Calculate a(6).
15
Let y = -286 + 342. Suppose -45*f + y*f = 66. Let v(u) = 4*u**3 - 4*u + 9 + u - 5*u**3 + 6*u**2. Determine v(f).
-9
Let h = 117 - 110. Let l(x) = 9*x + 14. Let u(b) = 13*b + 19. Let c(v) = h*l(v) - 5*u(v). What is c(-7)?
17
Suppose -2*i - 12 = y + y, 0 = -5*i + 5*y - 10. Let f(x) = -11 + x + 25 - 7. What is f(i)?
3
Suppose 300 = 122*w - 127*w. Let b be (w/(-25))/(2/(-5)). Let p(z) = z**3 + 5*z**2 - 2*z - 7. What is p(b)?
-31
Let v(a) be the second derivative of -2*a**3 + 7*a**2/2 + 22*a. Let d be v(1). Let r(s) = s**2 + 4*s + 5. Give r(d).
10
Suppose 2*g - 10 = -4*r, 2*r - 5*g - 35 = -0*g. Suppose 0 = 4*i + 24, -k + 4*i + 149 - 119 = 0. Let b(m) = 0*m + 4 + k - r - m. Determine b(4).
1
Let u(l) = 2*l - 4. Suppose 2*q + 6 - 10 = 0. Let i be (-16)/(-6)*(q/1 + -11). Let w be ((-9)/(-36))/((-2)/i). Determine u(w).
2
Let a be 13 + (8 - 12 - 5). Let q(d) be the second derivative of -d**5/20 + d**4/3 - d**3/6 + d**2/2 + d. Determine q(a).
-3
Let h(n) be the second derivative of -2 + 1/2*n**2 - 7/6*n**3 + 86*n. Give h(-5).
36
Let f(w) = w**3 + 16*w**2 - 23*w - 96. Let z(k) = -k**2 + 295*k - 9117. Let l be z(35). Give f(l).
6
Let i be ((-487)/1)/(26 + -27). Suppose -u = -3 + 1. Let k(b) = -3*b - 491 + 3*b + i - b**3 + 4*b**u. Give k(4).
-4
Let l = -18480 - -18477. Let k(z) = 14*z + 12. What is k(l)?
-30
Let v(m) = -4*m - 2. Let a be v(-2). Let l = 385 + -379. Let f(z) = 7 + 4 + z**2 - l - 7*z. What is f(a)?
-1
Let h(k) = k. Let t(o) = 5*o + 2. Let c be t(6). Suppose -q + 3*n = 8, -2*q = -q + 5*n - c. Determine h(q).
7
Let y(n) = 2*n**3 - 28*n**2 + 28*n - 24. Suppose -2*v - 301*z = -304*z - 38, -5*v + 81 = -4*z. What is y(v)?
2
Let c(g) be the first derivative of -1/2*g**2 + 30 - 8*g. Give c(-12).
4
Let w(r) be the third derivative of r**5/60 - r**4/6 + r**3/6 - 22*r**2 - r. Let z be (5/(15/6))/(68/102). Calculate w(z).
-2
Let j(o) = o + 4. Let z be 600/125 + (0 - (-2)/10). Suppose 4*x - 9 = -3*i - 90, z*i + 15 = 0. Let m = x - -13. What is j(m)?
-1
Let l(c) = -98 - 98 - 800*c + 71 + 816*c. Give l(9).
19
Let z(k) be the first derivative of 2/3*k**3 + k**2 - 1/2*k**4 + 3*k - 3. Suppose -34*q + 50*q + 32 = 0. Determine z(q).
23
Let m(f) = 2*f**2 + 10*f + 7. Let w(n) = -4*n**2 - 16*n - 17. Let x be w(-1). Give m(x).
7
Let g(m) = -m**2 + 4. Let i be g(0). Let n(o) = -29 - 23 - 19 - 20 + 90. Let u(a) = 4*a - 5. Let j(l) = i*n(l) - u(l). Calculate j(2).
-7
Suppose -6*s + 9*s - 6 = 0. Let v(d) = -1 + 7*d - 3*d**s - 12*d**3 + 7 + 11*d**3. Give v(-4).
-6
Let p(f) = 6*f + f - 72*f + 87*f + 0*f - 41. Give p(2).
3
Let w(j) = 13 + 4 - 31*j - 10*j**2 - j**3 - 5*j - 10 + 23*j. Determine w(-8).
-17
Let u(y) be the second derivative of y**4/12 - 3*y**3/2 - 3*y**2/2 - 15052*y. What is u(8)?
-11
Let h(m) be the first derivative of 10*m**3/3 + m + 543. Let v be -1 + -1 + 6 + -3. Calculate h(v).
11
Suppose -2 + 6 = 2*q. Let c(n) = -2 + 0 - 6*n - 7*n**q + 6 + 0 - n**3. Let z be (-3)/6*(-12)/(-1). Calculate c(z).
4
Let i = 83 - 66. Let p(x) = 10*x + 1 + 0 - i*x - 2*x. Calculate p(4).
-35
Let k(h) = -2*h + 9 + 0*h - 13 + h. Let m(v) = -v**2 + 2*v - 3. Let t be m(2). Let f(l) = l**3 + 4*l**2 + 2*l + 2. Let s be f(t). Calculate k(s).
-9
Let w(v) = -v - 10. Let d be 3/((-18)/250)*612/(-510). Let p(m) = 55*m**2 - m + 1. Let q be p(1). Let h = d - q. Determine w(h).
-5
Let h(u) be the third derivative of -u**6/120 - u**5/10 + u**4/2 + 13*u**3/6 - 575*u**2. Calculate h(-7).
-22
Let d(b) = -b**2 - 6*b + 9. Let l be d(-7). Let s(t) = -10 + 20 + 7*t - t**l - t + 0*t. Let o be ((-7)/5)/(33/(-15) + 2). Determine s(o).
3
Let h(b) = -5*b. Suppose 0*f = 11*f - 77. Suppose 6*p - 1 + f = 0. Give h(p).
5
Let k(z) = -187*z + 7 + 583*z - 183*z - 190*z - 2*z**2. Determine k(13).
-32
Let h = -1143 - -1162. Let m(c) = 3*c - 47. Calculate m(h).
10
Let i = 47 - 26. Let u = i + -23. Let q(a) = -2*a - 2. Give q(u).
2
Let d(g) be the second derivative of g**4/6 + 2*g**3/3 - 10*g**2 - 2052*g - 2. Calculate d(-4).
-4
Let d be 6 - -3*20/15. Suppose 0 = d*p + 21*p + 403. Let m(a) = a - 4. Determine m(p).
-17
Let g(q) = -433*q + 134*q - 4 - 11 + 142*q + 156*q. Give g(21).
-36
Suppose 2*f + 20 = -9*v, -6*v + 50 = -5*f - v. Let w(o) be the second derivative of -o**5/20 - 3*o**4/4 + 2*o**3 + 15*o**2/2 + o. Determine w(f).
-5
Let n(l) = -7*l**2 - 10*l + 11. Let m(o) be the first derivative of -11*o**3/3 - 15*o**2/2 + 18*o - 15. Let y(c) = 5*m(c) - 8*n(c). Determine y(-5).
2
Let a(c) be the third derivative of -c**6/120 - c**5/15 - c**4/24 - c**3/2 + 58*c**2. Suppose 3*g + 6 = 4*g. Let z be 3 + (-1)/(1/g). What is a(z)?
-9
Let g(h) = -h**3 + 8*h**2 + 7*h + 3. Let n be (-3616)/(-565) - (-6)/(-20)*-2. Suppose -14*c = -n*c - 63. Determine g(c).
-15
Let d(m) = 23*m - 357. Let h(c) = -c + 1. Let l(j) = -d(j) - 14*h(j). What is l(38)?
1
Let w(i) = i**2 + 6*i - 1. Suppose -2 = 8*a - 26. Suppose 0 = a*n + 8 + 1. What is w(n)?
-10
Let d(p) = 15*p - 374. Let f be d(25). Suppose -w = -4*w + 6. Let t(l) = 5*l**3 + 5*l**3 + l - w - f - l**2 - 9*l**3. Give t(0).
-3
Let k(d) be the second derivative of -17*d**3/3 - 7*d**2/2 - 4*d + 58. Calculate k(-2).
61
Let f(j) = 2*j + 3. Let p be f(-3). Let i be (1 + 1)/(p/((-63)/14)). Let h be i/(-3) + (-2 - -1). Let s(b) = -2*b**2 + 2. Determine s(h).
-6
Let p(d) be the second derivative of 2*d**3 - 57*d**2/2 + 10*d + 35. Calculate p(6).
15
Let x = -464 + 572. Let s(h) = -3*h + 116 + 127 - 327 + x. Calculate s(6).
6
Let h(j) = 82744 - 2*j**2 + 7*j - 82752 - j**2 + 0*j**2. What is h(5)?
-48
Let g(y) = y**3 + 11*y**2 + 12*y - 2. Suppose -3*k = -2342 + 2348. Determine g(k).
10
Let u(s) = -3*s. Let m(q) = 39*q**2 + 3*q**3 - 6*q + 25*q**2 - 1 + 36*q**2 - 117*q**2. Let h be m(6). Give u(h).
3
Let k(b) = -4*b**2 + b - 1. Let o be (-4)/(-4) - ((-3)/3 - -5). Let z(c) = -c**2. Let q(w) = o*z(w) - k(w). Give q(1).
7
Let f(c) be the first derivative of 6*c**2 + 7*c + 809. Calculate f(-1).
-5
Let x(w) = 2*w + 15. Let v be (21/2)/(-1)*(-32)/(-48). Let g = -14 - v. Let d be x(g). Let a(m) = -4*m**2 - m + 1. Determine a(d).
-4
Suppose -5*h = -c + 6, 4*c + 9 = 2*h - 3. Let n(j) be the third derivative of -j**3/6 - 4*j**2. Let y(o) = -o + 4. Let u(a) = h*y(a) - 7*n(a). Calculate u(4).
7
Suppose 301*l - 1793 = 13. Let m = -1 - -6. Suppose 2*p + m*j - 13 = 0, -8*p + l*p + 7 = 3*j. Let n(x) = -x - 1. Give n(p).
0
Let s be (-3)/((-12)/(-8)) + 7. Let g be ((3 - 2)/(-3))/(s/(-30)). Suppose -a + 0*l - 5*l = 17, 4*a - g*l = -2. Let j(t) = 4*t + 2. Give j(a).
-6
Let z(a) = 4*a + 834. Let p(k) = -k - 417. Let j(v) = 2*p(v) + z(v). Let q be (-6)/4*(-8)/6. Give j(q).
4
Let b = 1 - -11. Let r(m) = -8*m - b + 4*m**2 - m**2 - 4*m**2. Let q = -49192 + 49184. Determine r(q).
-12
Let h(w) = -5*w**2 + 5*w - 16. Let t(r) = 6*r**2 - 4*r + 17. Let l = 23 + -18. Let v(d) = l*h(d) + 4*t(d). Suppose -41*y = -272 - 56. What is v(y)?
-4
Let d = 283 + -289. Let b(w) be the third derivative of -w**4/8 + 8*w**3/3 + w**2. Let g(h) = -h + 1. Let z(f) = b(f) - 4*g(f). What is z(d)?
6
Let z(g) = -g**3 - 105*g**2 + 9*g - 26. Let o(p) = -2*p**3 - 242*p**2 + 18*p - 53. Let b(a) = -3*o(a) + 7*z(a). Determine b(-10).
-13
Let k = -106 + 100. Let u be (0 - k) + 2 + 0. Let j(c) = -c. Determine j(u).
-8
Let z(s) = -13*s - 180. Let n = 33183 - 33197. Give z(n).
2
Let b(c) = 3*c - 3 + 2*c - c + 1805*c**2 - 902*c**2 - 902*c**2. Suppose 0 = g + 3*g + 16. Calculate b(g).
-3
Let z = -2 + 4. Let q(t) be